{"id":7165,"date":"2022-04-19T11:43:20","date_gmt":"2022-04-19T16:43:20","guid":{"rendered":"https:\/\/www.cdem.com\/?post_type=publications&#038;p=7165"},"modified":"2022-04-19T11:43:20","modified_gmt":"2022-04-19T16:43:20","slug":"the-co-op-program-at-the-universite-de-saint-boniface","status":"publish","type":"publications","link":"https:\/\/www.cdem.com\/en\/publications\/the-co-op-program-at-the-universite-de-saint-boniface\/","title":{"rendered":"The co-op program at the Universit\u00e9 de Saint-Boniface"},"content":{"rendered":"<h2>The co-op program, the ideal training to combine theory and practice\u00a0\u00a0at the Universit\u00e9 de Saint-Boniface<\/h2>\n<p><span data-contrast=\"auto\">The Universit\u00e9 de Saint-Boniface (USB) continues to offer its students programs that allow them to learn in the classroom and have professional experience in the business world. For the past 4 years, USB has been offering its Bachelor of Business Administration (BAA) students the opportunity to participate in the cooperative program.\u202f<\/span><span data-contrast=\"auto\">\u202f<\/span><span data-ccp-props=\"{&quot;134233117&quot;:true,&quot;134233118&quot;:true,&quot;201341983&quot;:0,&quot;335551550&quot;:6,&quot;335551620&quot;:6,&quot;335559740&quot;:240}\">\u00a0<\/span><\/p>\n<h3>Offering paid professional internships with hiring opportunities<\/h3>\n<p><span data-contrast=\"auto\">The objective of this program is to allow students to have a better understanding of the challenges of the business world through professional internships. Genevi\u00e8ve Bourrier, the coordinator of internships in business and technology at USB, explains: &#8220;The BAA program is carried out over a period of 4 years. With the co-op option, our students can complete three four-month paid internships. For 16 weeks, students can establish a long-term relationship with their employer. The goal is to create a mentoring opportunity, and if the internship goes well, there is often a chance of employment at the end of these experiences.\u202f&#8221;<\/span><span data-contrast=\"auto\">\u202f<\/span><span data-ccp-props=\"{&quot;134233117&quot;:true,&quot;134233118&quot;:true,&quot;201341983&quot;:0,&quot;335551550&quot;:6,&quot;335551620&quot;:6,&quot;335559740&quot;:240}\">\u00a0<\/span><\/p>\n<p><span data-contrast=\"auto\">\u202f<\/span><\/p>\n<figure id=\"attachment_7156\" aria-describedby=\"caption-attachment-7156\" style=\"width: 600px\" class=\"wp-caption alignnone\"><img fetchpriority=\"high\" decoding=\"async\" class=\"size-medium wp-image-7156\" src=\"https:\/\/www.cdem.com\/wp-content\/uploads\/Genevieve-Bourrier-photo-Dan-Harper-600x400.jpg\" alt=\"\" width=\"600\" height=\"400\" srcset=\"https:\/\/www.cdem.com\/wp-content\/uploads\/Genevieve-Bourrier-photo-Dan-Harper-600x400.jpg 600w, https:\/\/www.cdem.com\/wp-content\/uploads\/Genevieve-Bourrier-photo-Dan-Harper-1200x800.jpg 1200w, https:\/\/www.cdem.com\/wp-content\/uploads\/Genevieve-Bourrier-photo-Dan-Harper-768x512.jpg 768w, https:\/\/www.cdem.com\/wp-content\/uploads\/Genevieve-Bourrier-photo-Dan-Harper-1536x1024.jpg 1536w, https:\/\/www.cdem.com\/wp-content\/uploads\/Genevieve-Bourrier-photo-Dan-Harper-2048x1365.jpg 2048w\" sizes=\"(max-width: 600px) 100vw, 600px\" \/><figcaption id=\"caption-attachment-7156\" class=\"wp-caption-text\">Genevi\u00e8ve Bourrier,<span data-contrast=\"auto\">coordinator of internships in business and technology at USB<\/span><\/figcaption><\/figure>\n<h3>The opportunity to test and consolidate their career choice<\/h3>\n<p><span data-contrast=\"auto\">The co-op program also allows USB students to benefit from additional help with their future career choice. &#8220;Often, students starting the program don&#8217;t really know what job they want to do in the business world.\u202f The three internships allow them to test several professional positions. Our students can thus consolidate their choices, or change their perspective on a job position,&#8221; explains Genevi\u00e8ve Bourrier.\u202f\u202f<\/span><span data-contrast=\"auto\">\u202f<\/span><span data-ccp-props=\"{&quot;134233117&quot;:true,&quot;134233118&quot;:true,&quot;201341983&quot;:0,&quot;335551550&quot;:6,&quot;335551620&quot;:6,&quot;335559740&quot;:240}\">\u00a0<\/span><\/p>\n<p><span data-contrast=\"auto\">&#8220;Last year, one of our students wanted to work in finance, but he wasn&#8217;t sure about himself. He did an internship in this field, then a second one in general administration and marketing to test something different. In the end, his choice was made, and he knew definitively which field interested him most. We like to give our students the opportunity to try and choose what is best for them,&#8221; she adds.<\/span><span data-contrast=\"auto\">\u202f<\/span><span data-ccp-props=\"{&quot;134233117&quot;:true,&quot;134233118&quot;:true,&quot;201341983&quot;:0,&quot;335551550&quot;:6,&quot;335551620&quot;:6,&quot;335559740&quot;:240}\">\u00a0<\/span><\/p>\n<h3>Creating strong connections between the university and the business world<\/h3>\n<p><span data-contrast=\"auto\">A program that keeps its promises and allows the Universit\u00e9 de Saint-Boniface to offer learning that combines experience and education: &#8220;For several years, we have been supported by the Government of Manitoba. The province wants students to have as much work experience as possible during their time at the university. I believe very much that learning in the job market is something very different from school. When a student has completed the Bachelor of Business Administration with the co-op option, they are ready to work, do an interview, and transition directly into a company, &#8221; says Genevi\u00e8ve Bourrier.\u202f<\/span><span data-contrast=\"auto\">\u202f<\/span><span data-ccp-props=\"{&quot;134233117&quot;:true,&quot;134233118&quot;:true,&quot;201341983&quot;:0,&quot;335551550&quot;:6,&quot;335551620&quot;:6,&quot;335559740&quot;:240}\">\u00a0<\/span><\/p>\n<p><span data-contrast=\"auto\">&#8220;There is currently a great shortage of employees in the business world, so our students are very solicited. For the 2021-2022 school year, we were able to double the number of our students compared to the previous year and we are very proud of it!\u201d<\/span><span data-contrast=\"auto\">\u202f<\/span><span data-ccp-props=\"{&quot;134233117&quot;:true,&quot;134233118&quot;:true,&quot;201341983&quot;:0,&quot;335551550&quot;:6,&quot;335551620&quot;:6,&quot;335559740&quot;:240}\">\u00a0<\/span><\/p>\n<h3>The Universit\u00e9 de Saint-Boniface, a window on French diversity<\/h3>\n<p><span data-contrast=\"auto\">For Genevi\u00e8ve Bourrier, &#8220;the Universit\u00e9 de Saint-Boniface is a window on the Francophonie from around the world. The quality of our programs and our teachers, coming from Canada and French-speaking countries, is a huge asset. And then to be able to go to a post-secondary institution in a minority context in French, here in Manitoba, for me, it&#8217;s a luxury.&#8221;<\/span><span data-contrast=\"auto\">\u202f<\/span><span data-ccp-props=\"{&quot;134233117&quot;:true,&quot;134233118&quot;:true,&quot;201341983&quot;:0,&quot;335551550&quot;:6,&quot;335551620&quot;:6,&quot;335559740&quot;:240}\">\u00a0<\/span><\/p>\n<p><span data-contrast=\"auto\">\u202f<\/span><span data-ccp-props=\"{&quot;134233117&quot;:true,&quot;134233118&quot;:true,&quot;201341983&quot;:0,&quot;335551550&quot;:6,&quot;335551620&quot;:6,&quot;335559740&quot;:240}\"> <img decoding=\"async\" class=\"alignnone size-medium wp-image-7164\" src=\"https:\/\/www.cdem.com\/wp-content\/uploads\/\/USB-Logo-Slogan-CENTRED-4c-600x433.jpg\" alt=\"\" width=\"600\" height=\"433\" srcset=\"https:\/\/www.cdem.com\/wp-content\/uploads\/USB-Logo-Slogan-CENTRED-4c-600x433.jpg 600w, https:\/\/www.cdem.com\/wp-content\/uploads\/USB-Logo-Slogan-CENTRED-4c-1200x867.jpg 1200w, https:\/\/www.cdem.com\/wp-content\/uploads\/USB-Logo-Slogan-CENTRED-4c-768x555.jpg 768w, https:\/\/www.cdem.com\/wp-content\/uploads\/USB-Logo-Slogan-CENTRED-4c-1536x1109.jpg 1536w, https:\/\/www.cdem.com\/wp-content\/uploads\/USB-Logo-Slogan-CENTRED-4c.jpg 1800w\" sizes=\"(max-width: 600px) 100vw, 600px\" \/><\/span><\/p>\n<p>&nbsp;<\/p>\n<p><i><span data-contrast=\"auto\">USB is a proud sponsor of the 2022 edition of the Fosse aux lions, which will take place on Wednesday, April 27 at 7 p.m., in person at the Th\u00e9\u00e2tre Cercle Moli\u00e8re, and will be broadcast live on Facebook. Many prizes will be up for grabs, including a $15,000 prize for the winning business.<\/span><\/i><\/p>\n<p><i><span data-contrast=\"auto\">For more information about\u00a0 the Fosse aux lions, <a href=\"https:\/\/www.cdem.com\/appui-aux-entreprises\/fosse-aux-lions\/\">click here<\/a><\/span><\/i><\/p>\n<p><span data-ccp-props=\"{&quot;201341983&quot;:0,&quot;335551550&quot;:6,&quot;335551620&quot;:6,&quot;335559739&quot;:0,&quot;335559740&quot;:360}\">\u00a0<\/span><\/p>\n","protected":false},"featured_media":7160,"template":"","type-de-publication":[76,68],"class_list":["post-7165","publications","type-publications","status-publish","has-post-thumbnail","hentry","type-de-publication-fosse-aux-lions-en","type-de-publication-news"],"_links":{"self":[{"href":"https:\/\/www.cdem.com\/en\/wp-json\/wp\/v2\/publications\/7165","targetHints":{"allow":["GET"]}}],"collection":[{"href":"https:\/\/www.cdem.com\/en\/wp-json\/wp\/v2\/publications"}],"about":[{"href":"https:\/\/www.cdem.com\/en\/wp-json\/wp\/v2\/types\/publications"}],"wp:featuredmedia":[{"embeddable":true,"href":"https:\/\/www.cdem.com\/en\/wp-json\/wp\/v2\/media\/7160"}],"wp:attachment":[{"href":"https:\/\/www.cdem.com\/en\/wp-json\/wp\/v2\/media?parent=7165"}],"wp:term":[{"taxonomy":"type-de-publication","embeddable":true,"href":"https:\/\/www.cdem.com\/en\/wp-json\/wp\/v2\/type-de-publication?post=7165"}],"curies":[{"name":"wp","href":"https:\/\/api.w.org\/{rel}","templated":true}]}}

The co-op program at the Université de Saint-Boniface

<h2>The co-op program, the ideal training to combine theory and practice  at the Université de Saint-Boniface</h2>
<p><span data-contrast="auto">The Université de Saint-Boniface (USB) continues to offer its students programs that allow them to learn in the classroom and have professional experience in the business world. For the past 4 years, USB has been offering its Bachelor of Business Administration (BAA) students the opportunity to participate in the cooperative program. </span><span data-contrast="auto"> </span><span data-ccp-props="{&quot;134233117&quot;:true,&quot;134233118&quot;:true,&quot;201341983&quot;:0,&quot;335551550&quot;:6,&quot;335551620&quot;:6,&quot;335559740&quot;:240}"> </span></p>
<h3>Offering paid professional internships with hiring opportunities</h3>
<p><span data-contrast="auto">The objective of this program is to allow students to have a better understanding of the challenges of the business world through professional internships. Geneviève Bourrier, the coordinator of internships in business and technology at USB, explains: &#8220;The BAA program is carried out over a period of 4 years. With the co-op option, our students can complete three four-month paid internships. For 16 weeks, students can establish a long-term relationship with their employer. The goal is to create a mentoring opportunity, and if the internship goes well, there is often a chance of employment at the end of these experiences. &#8221;</span><span data-contrast="auto"> </span><span data-ccp-props="{&quot;134233117&quot;:true,&quot;134233118&quot;:true,&quot;201341983&quot;:0,&quot;335551550&quot;:6,&quot;335551620&quot;:6,&quot;335559740&quot;:240}"> </span></p>
<p><span data-contrast="auto"> </span></p>
<figure id="attachment_7156" aria-describedby="caption-attachment-7156" style="width: 600px" class="wp-caption alignnone"><img fetchpriority="high" decoding="async" class="size-medium wp-image-7156" src="https://www.cdem.com/wp-content/uploads/Genevieve-Bourrier-photo-Dan-Harper-600x400.jpg" alt="" width="600" height="400" srcset="https://www.cdem.com/wp-content/uploads/Genevieve-Bourrier-photo-Dan-Harper-600x400.jpg 600w, https://www.cdem.com/wp-content/uploads/Genevieve-Bourrier-photo-Dan-Harper-1200x800.jpg 1200w, https://www.cdem.com/wp-content/uploads/Genevieve-Bourrier-photo-Dan-Harper-768x512.jpg 768w, https://www.cdem.com/wp-content/uploads/Genevieve-Bourrier-photo-Dan-Harper-1536x1024.jpg 1536w, https://www.cdem.com/wp-content/uploads/Genevieve-Bourrier-photo-Dan-Harper-2048x1365.jpg 2048w" sizes="(max-width: 600px) 100vw, 600px" /><figcaption id="caption-attachment-7156" class="wp-caption-text">Geneviève Bourrier,<span data-contrast="auto">coordinator of internships in business and technology at USB</span></figcaption></figure>
<h3>The opportunity to test and consolidate their career choice</h3>
<p><span data-contrast="auto">The co-op program also allows USB students to benefit from additional help with their future career choice. &#8220;Often, students starting the program don&#8217;t really know what job they want to do in the business world.  The three internships allow them to test several professional positions. Our students can thus consolidate their choices, or change their perspective on a job position,&#8221; explains Geneviève Bourrier.  </span><span data-contrast="auto"> </span><span data-ccp-props="{&quot;134233117&quot;:true,&quot;134233118&quot;:true,&quot;201341983&quot;:0,&quot;335551550&quot;:6,&quot;335551620&quot;:6,&quot;335559740&quot;:240}"> </span></p>
<p><span data-contrast="auto">&#8220;Last year, one of our students wanted to work in finance, but he wasn&#8217;t sure about himself. He did an internship in this field, then a second one in general administration and marketing to test something different. In the end, his choice was made, and he knew definitively which field interested him most. We like to give our students the opportunity to try and choose what is best for them,&#8221; she adds.</span><span data-contrast="auto"> </span><span data-ccp-props="{&quot;134233117&quot;:true,&quot;134233118&quot;:true,&quot;201341983&quot;:0,&quot;335551550&quot;:6,&quot;335551620&quot;:6,&quot;335559740&quot;:240}"> </span></p>
<h3>Creating strong connections between the university and the business world</h3>
<p><span data-contrast="auto">A program that keeps its promises and allows the Université de Saint-Boniface to offer learning that combines experience and education: &#8220;For several years, we have been supported by the Government of Manitoba. The province wants students to have as much work experience as possible during their time at the university. I believe very much that learning in the job market is something very different from school. When a student has completed the Bachelor of Business Administration with the co-op option, they are ready to work, do an interview, and transition directly into a company, &#8221; says Geneviève Bourrier. </span><span data-contrast="auto"> </span><span data-ccp-props="{&quot;134233117&quot;:true,&quot;134233118&quot;:true,&quot;201341983&quot;:0,&quot;335551550&quot;:6,&quot;335551620&quot;:6,&quot;335559740&quot;:240}"> </span></p>
<p><span data-contrast="auto">&#8220;There is currently a great shortage of employees in the business world, so our students are very solicited. For the 2021-2022 school year, we were able to double the number of our students compared to the previous year and we are very proud of it!”</span><span data-contrast="auto"> </span><span data-ccp-props="{&quot;134233117&quot;:true,&quot;134233118&quot;:true,&quot;201341983&quot;:0,&quot;335551550&quot;:6,&quot;335551620&quot;:6,&quot;335559740&quot;:240}"> </span></p>
<h3>The Université de Saint-Boniface, a window on French diversity</h3>
<p><span data-contrast="auto">For Geneviève Bourrier, &#8220;the Université de Saint-Boniface is a window on the Francophonie from around the world. The quality of our programs and our teachers, coming from Canada and French-speaking countries, is a huge asset. And then to be able to go to a post-secondary institution in a minority context in French, here in Manitoba, for me, it&#8217;s a luxury.&#8221;</span><span data-contrast="auto"> </span><span data-ccp-props="{&quot;134233117&quot;:true,&quot;134233118&quot;:true,&quot;201341983&quot;:0,&quot;335551550&quot;:6,&quot;335551620&quot;:6,&quot;335559740&quot;:240}"> </span></p>
<p><span data-contrast="auto"> </span><span data-ccp-props="{&quot;134233117&quot;:true,&quot;134233118&quot;:true,&quot;201341983&quot;:0,&quot;335551550&quot;:6,&quot;335551620&quot;:6,&quot;335559740&quot;:240}"> <img decoding="async" class="alignnone size-medium wp-image-7164" src="https://www.cdem.com/wp-content/uploads//USB-Logo-Slogan-CENTRED-4c-600x433.jpg" alt="" width="600" height="433" srcset="https://www.cdem.com/wp-content/uploads/USB-Logo-Slogan-CENTRED-4c-600x433.jpg 600w, https://www.cdem.com/wp-content/uploads/USB-Logo-Slogan-CENTRED-4c-1200x867.jpg 1200w, https://www.cdem.com/wp-content/uploads/USB-Logo-Slogan-CENTRED-4c-768x555.jpg 768w, https://www.cdem.com/wp-content/uploads/USB-Logo-Slogan-CENTRED-4c-1536x1109.jpg 1536w, https://www.cdem.com/wp-content/uploads/USB-Logo-Slogan-CENTRED-4c.jpg 1800w" sizes="(max-width: 600px) 100vw, 600px" /></span></p>
<p>&nbsp;</p>
<p><i><span data-contrast="auto">USB is a proud sponsor of the 2022 edition of the Fosse aux lions, which will take place on Wednesday, April 27 at 7 p.m., in person at the Théâtre Cercle Molière, and will be broadcast live on Facebook. Many prizes will be up for grabs, including a $15,000 prize for the winning business.</span></i></p>
<p><i><span data-contrast="auto">For more information about  the Fosse aux lions, <a href="https://www.cdem.com/appui-aux-entreprises/fosse-aux-lions/">click here</a></span></i></p>
<p><span data-ccp-props="{&quot;201341983&quot;:0,&quot;335551550&quot;:6,&quot;335551620&quot;:6,&quot;335559739&quot;:0,&quot;335559740&quot;:360}"> </span></p>
